5*h - 4*s, 4*h = 4*s + 8. Calculate the greatest common divisor of b and h.
6
Let b(z) = z**2 + 7*z + 15. Let q be b(-7). Let j(n) = -n**2 + 14*n + 22. Let s be j(q). What is the highest common divisor of s and 35?
7
Suppose 3*k + 2*k - 150 = 0. Suppose 4*z = -0*c - c - 10, 2*c - 4 = -2*z. Calculate the highest common divisor of c and k.
6
Let d = 661 + -459. Suppose -j = -3*j + d. Suppose 5*p - 2*x = 341 + j, -3*p = x - 263. What is the greatest common factor of 11 and p?
11
Suppose 3*v - y = 9, 0 = -5*v + 2*y - 4*y + 15. Let h be -2*v*5/(-15). Calculate the highest common divisor of h and 5.
1
Let q = -54 - -100. Let l = q + -28. Let f = 31 - 29. Calculate the greatest common divisor of f and l.
2
Let n(r) = 4*r**2 - 2*r - 1. Suppose -3 - 2 = -a. Let x be a/((-5)/(-3)) - 1. Let c be n(x). Calculate the highest common divisor of 99 and c.
11
Let d = -138 - -154. Calculate the greatest common factor of d and 8.
8
Suppose -152 - 72 = -4*b. Calculate the greatest common factor of b and 7.
7
Let y(h) = -2*h + 10. Let v be y(0). Suppose 25 = 2*m + z, 2*z = 5*m - 10*m + 60. What is the greatest common divisor of m and v?
10
Let b = 192 + -82. What is the highest common divisor of b and 10?
10
Let a(b) be the first derivative of -b**3/3 + 7*b**2/2 + 10*b - 1. Let t be a(8). What is the greatest common divisor of 16 and t?
2
Suppose r + 4*d + 6 = 0, 4*d - 6*d = -3*r - 60. Let q = r + 21. Suppose -2*w + 9 = w. Calculate the greatest common factor of w and q.
3
Let a be ((-15)/(-12))/(2/24). What is the greatest common divisor of a and 5?
5
Let b be ((-28)/(-6))/(6/(-207)). Let y = -80 - b. Calculate the greatest common divisor of y and 27.
27
Let a be (8/5)/4*75. Let v(q) = -q**3 + 4*q**2 + 7*q - 7. Let y be v(5). Let j be y/(-9)*-10*3. Calculate the highest common divisor of a and j.
10
Let q = -60 - -72. Calculate the greatest common factor of q and 36.
12
Suppose 65 = 5*n - 3*w - 2*w, -2*w = 4*n - 34. What is the highest common divisor of n and 15?
5
Suppose -4*f - 3*q = -25 - 29, -4*q - 68 = -4*f. Suppose -3*z - f = -8*z. Suppose -7*c = -z*c - 180. What is the highest common factor of 5 and c?
5
Let x(k) = -k**3 + 3*k**2 - 6*k - 4. Let d be x(-4). Suppose 0 = 2*n - n - d. What is the greatest common divisor of n and 12?
12
Suppose -5*i = -476 - 1484. Calculate the highest common divisor of 49 and i.
49
Let d = -216 - -236. Let o be (0 + 0 - 2) + 32. Calculate the highest common factor of d and o.
10
Let r(m) = -18*m - 3. Let w = 4 + -10. Let h be r(w). Let q be ((-15)/(-2))/((-2)/(-4)). Calculate the greatest common divisor of q and h.
15
Suppose 2*p = 4*b + 26, b - 6 = -b. Calculate the highest common divisor of 209 and p.
19
Suppose 5*s - 59 = 46. Calculate the greatest common divisor of 147 and s.
21
Let q = 3 - 3. Let c = 2 - q. Suppose -c*k + 7*k = 200. Calculate the greatest common divisor of 16 and k.
8
Let y = -4 + 19. Calculate the highest common factor of y and 5.
5
Suppose 0*q = 5*q - 60. What is the highest common factor of 96 and q?
12
Suppose -8 + 2 = -3*f. Suppose w = -5*d + 4*w + 385, 2*w - 170 = -f*d. What is the greatest common factor of d and 20?
20
Suppose -3*j - 180 = 2*j. Let w be j*(2 - 21/9). What is the highest common factor of w and 12?
12
Let r be 12/(-90) - (-722)/15. Calculate the highest common factor of 192 and r.
48
Suppose -350 - 364 = -7*z. What is the greatest common factor of z and 68?
34
Suppose 25 = -s - 7*m + 2*m, 0 = -2*s - 5*m - 45. Let j be (s - 0)*(-24)/20. Let u be (-2)/5 - (-182)/5. What is the highest common factor of u and j?
12
Suppose 0 = -3*t + 63 - 30. Calculate the highest common factor of t and 121.
11
Suppose 0 = f + 22*f - 5681. What is the greatest common factor of 13 and f?
13
Let r be (36/(-8))/(2/(-4)). Suppose q = 3*p, -5*q + q + r = -3*p. Suppose -5*j = -2*w + 31, 2*w - q*j = 4*w - 7. What is the highest common divisor of 4 and w?
4
Let j(t) = -t**3 + 2*t**2. Let s be j(-2). Suppose -13 + 43 = 15*v. What is the highest common divisor of v and s?
2
Suppose -3*o - 38 = 2*z - 5*o, -3*z = -2*o + 53. Let s be 4/10 + (-894)/z. What is the greatest common factor of s and 12?
12
Suppose 0*k - 1 = -d + k, -2*d + k = -3. Let p be 54/(-8) - d/8. Let g = -2 - p. What is the greatest common factor of 2 and g?
1
Let x be (-1 + 37)*(-2 - (-64)/12). Calculate the greatest common factor of x and 15.
15
Let g be (-2)/18 + 902/18. What is the highest common factor of g and 10?
10
Suppose 3*g - 4*s - 57 = -0*g, -2*g - 4*s + 18 = 0. Calculate the highest common factor of g and 105.
15
Let k(s) = 11*s**2 - s. Let r be k(-1). Suppose -f - i - 25 = f, -5*i - 41 = 4*f. Let n = f - -32. What is the greatest common factor of r and n?
6
Suppose 2*w = 5*j - 2 - 18, 5*j - 3*w - 15 = 0. Suppose 0*k = 3*k + 9. Let c = -2 - k. What is the highest common factor of c and j?
1
Let x be (-4 + 0)/(22/(-77)). What is the highest common factor of 14 and x?
14
Let o be (-5)/(-3)*(-3 + 15). Suppose 2*a + o = 4*a. Suppose -3*q - 2*j + 42 = 0, -5*j = -a*j + 15. Calculate the highest common divisor of q and 18.
6
Let x(h) = 9*h**3 + h**2 + 2*h - 1. Let t be x(-2). Let l = 112 + t. What is the highest common divisor of 26 and l?
13
Let i(l) = 16*l - 4. Let f be i(4). Calculate the greatest common factor of 20 and f.
20
Suppose 62 = 6*c - 418. Calculate the highest common factor of c and 16.
16
Suppose 2*v - 27 = 11. Suppose n + 3*o = -v, -n - 4*o - 24 = -0*o. Let r be 4*-1*9/n. What is the greatest common factor of 27 and r?
9
Suppose -17*q + 12*q + 50 = 0. Calculate the highest common factor of 130 and q.
10
Suppose 0 = -3*o + 4*t + 3 + 5, -5*o + 48 = 2*t. Calculate the greatest common factor of 2 and o.
2
Suppose 1 = 4*i - 5*i. Let w be (i/(-3))/(8/1512). Calculate the highest common divisor of w and 21.
21
Let k(t) = -t + 11. Let a be k(10). Let x be -1 + 11/a + 0. Suppose -188 = -4*w + 4*s, 5*w + s + 197 = 9*w. Calculate the highest common factor of w and x.
10
Let z be (-14)/63 + 74/9. Calculate the highest common factor of z and 1.
1
Let l = 29 + -17. Let b(v) = -v**3 + 16*v**2 + 5*v + 28. Let m be b(16). What is the highest common divisor of m and l?
12
Let w = 18 + -6. Suppose -t + 5*q - 5 = 4*t, 4*t + 2 = 2*q. Suppose -w = -t*j - j. Calculate the highest common divisor of 48 and j.
12
Suppose 0 = -3*j + 4*r + 10, -5*r + 6 = -5*j - 4*r. Let w = j - -5. Let k = -5 - -7. What is the greatest common factor of k and w?
1
Let a be 172 - 3 - 0 - 4. What is the greatest common factor of a and 66?
33
Let b = 143 - 79. Calculate the highest common factor of b and 48.
16
Let v = -7 - -10. Suppose v - 5 = -u. Let q = 21 + u. Calculate the highest common divisor of q and 230.
23
Suppose t - 4*t = -18. Let n = -2 + t. Suppose 60 = n*s + s. Calculate the greatest common factor of s and 6.
6
Suppose -5*u - 4*j + 385 = 0, u = 6*u + 2*j - 385. What is the highest common factor of u and 7?
7
Let b(o) = 0*o + 5 + 3 - 5*o + 6*o. Let c be b(0). Calculate the greatest common divisor of 40 and c.
8
Let c = 117 + 37. What is the greatest common divisor of c and 14?
14
Suppose 4*p = -5*n + 81, -5*n + 47 = -2*n + 2*p. What is the greatest common divisor of 26 and n?
13
Let g be (-6)/(-10) + (-4)/(-10). Let q be (g*20)/((-2)/(-4)). Suppose 4*y = 7*y - 15. What is the highest common factor of q and y?
5
Suppose 2*y = 2*g + 52, 2*y + 58 = 4*y - 5*g. Suppose u = 3*u - y. What is the highest common divisor of u and 24?
12
Let b be (-1)/((-3)/12*-1). Let i(h) = h**3 + 6*h**2 - 4. Let t be i(b). Suppose n = -t + 82. Calculate the greatest common factor of n and 9.
9
Suppose -4*g = 8 - 12. Calculate the highest common factor of 1 and g.
1
Suppose 0 = -p + 40 - 27. Calculate the greatest common factor of 52 and p.
13
Let c(n) = n - 3. Let a be c(6). Let t be (-5)/(-3)*33*a. Let y(x) = x**3 + 6*x**2 + x - 5. Let d be y(-5). Calculate the highest common factor of d and t.
15
Suppose 3*f = 3*l - 84, 0*l + 80 = 3*l - f. Suppose -50 = 5*m + n, 0 = m + 5*n + 3 + 7. Let s = m + l. What is the highest common divisor of 128 and s?
16
Suppose -5*c + 0 = -20. What is the highest common divisor of 52 and c?
4
Let t(o) = -o**3 + 4*o**2 - 4*o + 4. Let w be t(3). Suppose 3*s - 47 = w. What is the greatest common divisor of s and 80?
16
Let d(g) be the first derivative 